{"id":27,"date":"2018-02-27T09:19:37","date_gmt":"2018-02-27T08:19:37","guid":{"rendered":"http:\/\/www.comete31.fr\/?page_id=27"},"modified":"2018-02-27T10:18:18","modified_gmt":"2018-02-27T09:18:18","slug":"renfort-a-la-livraison","status":"publish","type":"page","link":"https:\/\/www.comete31.fr\/index.php\/renfort-a-la-livraison\/","title":{"rendered":"Renfort \u00e0 la livraison"},"content":{"rendered":"<p>Le renfort \u00e0 la livraison consiste \u00e0\u00a0:<\/p>\n<ul>\n<li>Assister le ma\u00eetre d\u2019ouvrage et le ma\u00eetre d\u2019\u0153uvre lors des Op\u00e9rations Pr\u00e9alables \u00e0 la R\u00e9ception.<\/li>\n<li>Assister le maitre d\u2019ouvrage dans l\u2019assurance des lev\u00e9es de r\u00e9serves signal\u00e9es lors des OPR.<\/li>\n<li>Accompagner le maitre d\u2019ouvrage lors des op\u00e9rations de livraison avec les clients finaux.<\/li>\n<li>Assister le ma\u00eetre d\u2019ouvrage dans l\u2019assurance de la lev\u00e9e compl\u00e8te des r\u00e9serves de r\u00e9ception.<\/li>\n<\/ul>\n","protected":false},"excerpt":{"rendered":"<p>Le renfort \u00e0 la livraison consiste \u00e0\u00a0: Assister le ma\u00eetre d\u2019ouvrage et le ma\u00eetre d\u2019\u0153uvre lors des Op\u00e9rations Pr\u00e9alables \u00e0 la R\u00e9ception. Assister le maitre d\u2019ouvrage dans l\u2019assurance des lev\u00e9es &#8230;<\/p>\n","protected":false},"author":1,"featured_media":76,"parent":0,"menu_order":0,"comment_status":"closed","ping_status":"closed","template":"","meta":[],"_links":{"self":[{"href":"https:\/\/www.comete31.fr\/index.php\/wp-json\/wp\/v2\/pages\/27"}],"collection":[{"href":"https:\/\/www.comete31.fr\/index.php\/wp-json\/wp\/v2\/pages"}],"about":[{"href":"https:\/\/www.comete31.fr\/index.php\/wp-json\/wp\/v2\/types\/page"}],"author":[{"embeddable":true,"href":"https:\/\/www.comete31.fr\/index.php\/wp-json\/wp\/v2\/users\/1"}],"replies":[{"embeddable":true,"href":"https:\/\/www.comete31.fr\/index.php\/wp-json\/wp\/v2\/comments?post=27"}],"version-history":[{"count":1,"href":"https:\/\/www.comete31.fr\/index.php\/wp-json\/wp\/v2\/pages\/27\/revisions"}],"predecessor-version":[{"id":28,"href":"https:\/\/www.comete31.fr\/index.php\/wp-json\/wp\/v2\/pages\/27\/revisions\/28"}],"wp:featuredmedia":[{"embeddable":true,"href":"https:\/\/www.comete31.fr\/index.php\/wp-json\/wp\/v2\/media\/76"}],"wp:attachment":[{"href":"https:\/\/www.comete31.fr\/index.php\/wp-json\/wp\/v2\/media?parent=27"}],"curies":[{"name":"wp","href":"https:\/\/api.w.org\/{rel}","templated":true}]}}