{"id":17,"date":"2018-02-27T09:17:45","date_gmt":"2018-02-27T08:17:45","guid":{"rendered":"http:\/\/www.comete31.fr\/?page_id=17"},"modified":"2021-09-07T10:58:40","modified_gmt":"2021-09-07T08:58:40","slug":"lancement-de-comete","status":"publish","type":"page","link":"https:\/\/www.comete31.fr\/index.php\/lancement-de-comete\/","title":{"rendered":"Lancement de Com\u00e8te"},"content":{"rendered":"<p>Le lancement de COMETE date du 01\/09\/17. Apr\u00e8s 15 ans d\u2019exp\u00e9rience en tant que salari\u00e9e, en maitrise d\u2019\u0153uvre d\u2019ex\u00e9cution, OPC et \u00e9conomie de la construction, j\u2019ai d\u00e9cid\u00e9 de tenter l\u2019exp\u00e9rience et de mettre \u00e0 profit des maitres d\u2019ouvrage mes comp\u00e9tences acquises.<\/p>\n<p>Mon expertise est principalement en logements, mon exp\u00e9rience du terrain permet une anticipation et une lecture des points d\u00e9licats quasi instantan\u00e9e. Cela permet d\u2019\u00e9liminer un maximum de risques dans l\u2019ex\u00e9cution et de maitriser les co\u00fbts de construction.<\/p>\n<p>Les op\u00e9rations immobili\u00e8res que j\u2019ai pu mener (jusqu\u2019\u00e0 10M\u20ac) m\u2019ont permis de maitriser toute la chaine de montage des projets depuis l\u2019achat du terrain jusqu\u2019\u00e0 la remise des cl\u00e9s au client final.<\/p>\n<p>Cela demande diverses comp\u00e9tences techniques mais aussi relationnelles.<\/p>\n<p>De par ma formation technique (classe pr\u00e9paratoire aux grandes \u00e9coles puis \u00e9cole d\u2019ing\u00e9nieur) j\u2019ai pu appr\u00e9hender les probl\u00e8mes techniques et adopter une organisation permettant de les solutionner, cette formation est un atout organisationnel, cependant il n\u2019est pas suffisant.<\/p>\n<p>L\u2019exp\u00e9rience du terrain, l\u2019observation des codes de communication entre les diff\u00e9rents intervenants, concepteurs ou ex\u00e9cutants, sont des atouts majeurs, les \u00e9nergies pr\u00e9sentes chez les diff\u00e9rents intervenants se transcendent d\u00e8s qu\u2019elles sont mises en commun, coordonn\u00e9es et valoris\u00e9es.<\/p>\n<p>J\u2019ai beaucoup appris de ce rapport avec les diff\u00e9rents acteurs de la construction et, cette richesse et diversit\u00e9 humaine fait vraiment de ce domaine, la construction, une exp\u00e9rience \u00e0 part..<\/p>\n<p>Voici donc ce qui m\u2019anime depuis toutes ces ann\u00e9es et pourquoi je tiens mes comp\u00e9tences \u00e0 disposition des maitres d\u2019ouvrage ayant envie de voir concr\u00e9tiser les projets immobiliers.<\/p>\n<p>Depuis le lancement de COMETE, le nombre de partenaires de la construction ne cesse de croitre, si bien, qu\u2019en Novembre 2020, l\u2019arriv\u00e9e d\u2019une collaboratrice, dipl\u00f4m\u00e9e de l\u2019\u00e9cole d\u2019ing\u00e9nieur INSA Lyon, est venue renforcer cette organisation, et dans cette lanc\u00e9e, nous esp\u00e9rons qu\u2019elle sera la premi\u00e8re d\u2019une \u00e9quipe qui se constituera au fur et \u00e0 mesure de la trajectoire de COMETE..<\/p>\n<p>Julie GONZALEZ<\/p>\n","protected":false},"excerpt":{"rendered":"<p>Le lancement de COMETE date du 01\/09\/17. Apr\u00e8s 15 ans d\u2019exp\u00e9rience en tant que salari\u00e9e, en maitrise d\u2019\u0153uvre d\u2019ex\u00e9cution, OPC et \u00e9conomie de la construction, j\u2019ai d\u00e9cid\u00e9 de tenter l\u2019exp\u00e9rience &#8230;<\/p>\n","protected":false},"author":1,"featured_media":64,"parent":0,"menu_order":0,"comment_status":"closed","ping_status":"closed","template":"","meta":[],"_links":{"self":[{"href":"https:\/\/www.comete31.fr\/index.php\/wp-json\/wp\/v2\/pages\/17"}],"collection":[{"href":"https:\/\/www.comete31.fr\/index.php\/wp-json\/wp\/v2\/pages"}],"about":[{"href":"https:\/\/www.comete31.fr\/index.php\/wp-json\/wp\/v2\/types\/page"}],"author":[{"embeddable":true,"href":"https:\/\/www.comete31.fr\/index.php\/wp-json\/wp\/v2\/users\/1"}],"replies":[{"embeddable":true,"href":"https:\/\/www.comete31.fr\/index.php\/wp-json\/wp\/v2\/comments?post=17"}],"version-history":[{"count":2,"href":"https:\/\/www.comete31.fr\/index.php\/wp-json\/wp\/v2\/pages\/17\/revisions"}],"predecessor-version":[{"id":201,"href":"https:\/\/www.comete31.fr\/index.php\/wp-json\/wp\/v2\/pages\/17\/revisions\/201"}],"wp:featuredmedia":[{"embeddable":true,"href":"https:\/\/www.comete31.fr\/index.php\/wp-json\/wp\/v2\/media\/64"}],"wp:attachment":[{"href":"https:\/\/www.comete31.fr\/index.php\/wp-json\/wp\/v2\/media?parent=17"}],"curies":[{"name":"wp","href":"https:\/\/api.w.org\/{rel}","templated":true}]}}

Lancement de Comète

<p>Le lancement de COMETE date du 01/09/17. Après 15 ans d’expérience en tant que salariée, en maitrise d’œuvre d’exécution, OPC et économie de la construction, j’ai décidé de tenter l’expérience et de mettre à profit des maitres d’ouvrage mes compétences acquises.</p>
<p>Mon expertise est principalement en logements, mon expérience du terrain permet une anticipation et une lecture des points délicats quasi instantanée. Cela permet d’éliminer un maximum de risques dans l’exécution et de maitriser les coûts de construction.</p>
<p>Les opérations immobilières que j’ai pu mener (jusqu’à 10M€) m’ont permis de maitriser toute la chaine de montage des projets depuis l’achat du terrain jusqu’à la remise des clés au client final.</p>
<p>Cela demande diverses compétences techniques mais aussi relationnelles.</p>
<p>De par ma formation technique (classe préparatoire aux grandes écoles puis école d’ingénieur) j’ai pu appréhender les problèmes techniques et adopter une organisation permettant de les solutionner, cette formation est un atout organisationnel, cependant il n’est pas suffisant.</p>
<p>L’expérience du terrain, l’observation des codes de communication entre les différents intervenants, concepteurs ou exécutants, sont des atouts majeurs, les énergies présentes chez les différents intervenants se transcendent dès qu’elles sont mises en commun, coordonnées et valorisées.</p>
<p>J’ai beaucoup appris de ce rapport avec les différents acteurs de la construction et, cette richesse et diversité humaine fait vraiment de ce domaine, la construction, une expérience à part..</p>
<p>Voici donc ce qui m’anime depuis toutes ces années et pourquoi je tiens mes compétences à disposition des maitres d’ouvrage ayant envie de voir concrétiser les projets immobiliers.</p>
<p>Depuis le lancement de COMETE, le nombre de partenaires de la construction ne cesse de croitre, si bien, qu’en Novembre 2020, l’arrivée d’une collaboratrice, diplômée de l’école d’ingénieur INSA Lyon, est venue renforcer cette organisation, et dans cette lancée, nous espérons qu’elle sera la première d’une équipe qui se constituera au fur et à mesure de la trajectoire de COMETE..</p>
<p>Julie GONZALEZ</p>

<p>Le lancement de COMETE date du 01/09/17. Après 15 ans d’expérience en tant que salariée, en maitrise d’œuvre d’exécution, OPC et économie de la construction, j’ai décidé de tenter l’expérience &#8230;</p>
