{"id":12,"date":"2018-02-27T09:16:30","date_gmt":"2018-02-27T08:16:30","guid":{"rendered":"http:\/\/www.comete31.fr\/?page_id=12"},"modified":"2018-02-27T09:57:29","modified_gmt":"2018-02-27T08:57:29","slug":"les-missions","status":"publish","type":"page","link":"https:\/\/www.comete31.fr\/index.php\/les-missions\/","title":{"rendered":"Les missions"},"content":{"rendered":"<p>Les missions de base, encha\u00een\u00e9es chronologiquement dans l&rsquo;ordre de d\u00e9roulement de la mission de ma\u00eetrise d&rsquo;\u0153uvre, sont\u00a0:<\/p>\n<ul>\n<li>ESQ\u00a0: les <a href=\"https:\/\/fr.wikipedia.org\/w\/index.php?title=Mission_esquisse&amp;action=edit&amp;redlink=1\" target=\"_blank\" rel=\"noopener\">\u00e9tudes d&rsquo;esquisse<\/a> ; pour le cas particulier d&rsquo;une mission portant sur une r\u00e9habilitation d&rsquo;existant, la mission esquisse est remplac\u00e9e par les \u00e9tudes de <a href=\"https:\/\/fr.wikipedia.org\/w\/index.php?title=Mission_diagnostic&amp;action=edit&amp;redlink=1\" target=\"_blank\" rel=\"noopener\">diagnostic<\/a> (abr\u00e9g\u00e9 en DIA ou <a href=\"https:\/\/fr.wikipedia.org\/w\/index.php?title=DIAG&amp;action=edit&amp;redlink=1\" target=\"_blank\" rel=\"noopener\">DIAG<\/a>),<\/li>\n<li>AVP\u00a0: les <a href=\"https:\/\/fr.wikipedia.org\/wiki\/Avant-projet\" target=\"_blank\" rel=\"noopener\">\u00e9tudes d&rsquo;avant-projet<\/a> ; pour le cas des missions portant sur un b\u00e2timent et non sur une infrastructure, la mission d&rsquo;avant-projet se d\u00e9compose en deux sous-phases\u00a0:\n<ul>\n<li>APS\u00a0: les <a href=\"https:\/\/fr.wikipedia.org\/w\/index.php?title=Mission_avant-projet_sommaire&amp;action=edit&amp;redlink=1\" target=\"_blank\" rel=\"noopener\">\u00e9tudes d&rsquo;avant-projet sommaire<\/a>\u00a0; de pr\u00e9ciser la composition g\u00e9n\u00e9rale en plan et en volume. D&rsquo;appr\u00e9cier les volumes int\u00e9rieurs et l&rsquo;aspect ext\u00e9rieur de l&rsquo;ouvrage. De proposer les dispositions techniques pouvant \u00eatre envisag\u00e9es. De pr\u00e9ciser le calendrier de r\u00e9alisation et le cas \u00e9ch\u00e9ant le d\u00e9coupage en tranches fonctionnelles. D&rsquo;\u00e9tablir une estimation provisoire du co\u00fbt pr\u00e9visionnel des travaux<\/li>\n<li>APD\u00a0: les <a href=\"https:\/\/fr.wikipedia.org\/w\/index.php?title=Mission_avant-projet_d%C3%A9finitif&amp;action=edit&amp;redlink=1\" target=\"_blank\" rel=\"noopener\">\u00e9tudes d&rsquo;avant-projet d\u00e9finitif<\/a> ; de d\u00e9terminer les surfaces d\u00e9taill\u00e9es de tous les \u00e9l\u00e9ments du programme. D&rsquo;arr\u00eater en plans coupes et fa\u00e7ades les dimensions des travaux d\u00e9compos\u00e9s en lots s\u00e9par\u00e9s. De permettre au ma\u00eetre de l&rsquo;ouvrage d&rsquo;arr\u00eater d\u00e9finitivement le programme. De permettre l&rsquo;\u00e9tablissement du forfait de r\u00e9mun\u00e9ration dans les conditions pr\u00e9vues par le contrat de ma\u00eetrise d&rsquo;\u0153uvre.<\/li>\n<\/ul>\n<\/li>\n<li>PRO\/DCE\u00a0: les <a href=\"https:\/\/fr.wikipedia.org\/w\/index.php?title=Mission_projet&amp;action=edit&amp;redlink=1\" target=\"_blank\" rel=\"noopener\">\u00e9tudes de projet<\/a>, comportant la r\u00e9alisation des <a href=\"https:\/\/fr.wikipedia.org\/wiki\/D%C3%A9tail_quantitatif_estimatif\" target=\"_blank\" rel=\"noopener\">descriptifs quantitatifs estimatifs<\/a> (<a href=\"https:\/\/fr.wikipedia.org\/wiki\/DQE\" target=\"_blank\" rel=\"noopener\">DQE<\/a>), le tout servant \u00e0 constituer le <a href=\"https:\/\/fr.wikipedia.org\/wiki\/Dossier_de_consultation_des_entreprises\" target=\"_blank\" rel=\"noopener\">dossier de consultation des entreprises<\/a> ou DCE\u00a0;<\/li>\n<li>ACT : l&rsquo;<a href=\"https:\/\/fr.wikipedia.org\/w\/index.php?title=Assistance_pour_la_passation_des_contrats_de_travaux&amp;action=edit&amp;redlink=1\" target=\"_blank\" rel=\"noopener\">assistance pour la passation des contrats de travaux<\/a>,<\/li>\n<li>DET\/VISA : la <a href=\"https:\/\/fr.wikipedia.org\/w\/index.php?title=Direction_d%27ex%C3%A9cution_des_contrats_de_travaux&amp;action=edit&amp;redlink=1\" target=\"_blank\" rel=\"noopener\">direction d&rsquo;ex\u00e9cution des contrats de travaux<\/a>, compl\u00e9t\u00e9e en base du <a href=\"https:\/\/fr.wikipedia.org\/w\/index.php?title=Mission_visa&amp;action=edit&amp;redlink=1\" target=\"_blank\" rel=\"noopener\">visa des \u00e9tudes d&rsquo;ex\u00e9cution<\/a>,<\/li>\n<li>AOP\u00a0: l&rsquo;<a href=\"https:\/\/fr.wikipedia.org\/w\/index.php?title=Assistance_apport%C3%A9e_au_ma%C3%AEtre_de_l%27ouvrage_lors_des_op%C3%A9rations_de_r%C3%A9ception&amp;action=edit&amp;redlink=1\" target=\"_blank\" rel=\"noopener\">assistance apport\u00e9e au ma\u00eetre de l&rsquo;ouvrage lors des op\u00e9rations de r\u00e9ception<\/a> et pendant la <a href=\"https:\/\/fr.wikipedia.org\/wiki\/Garantie_de_parfait_ach%C3%A8vement\" target=\"_blank\" rel=\"noopener\">garantie de parfait ach\u00e8vement<\/a> ;<\/li>\n<\/ul>\n<p>Les missions compl\u00e9mentaires\u00a0:<\/p>\n<ul>\n<li>EXE\u00a0: la <a href=\"https:\/\/fr.wikipedia.org\/w\/index.php?title=Mission_ex%C3%A9cution&amp;action=edit&amp;redlink=1\" target=\"_blank\" rel=\"noopener\">r\u00e9alisation des \u00e9tudes d&rsquo;ex\u00e9cution<\/a>, coupl\u00e9e avec la r\u00e9alisation des <a href=\"https:\/\/fr.wikipedia.org\/w\/index.php?title=Mission_synth%C3%A8se&amp;action=edit&amp;redlink=1\" target=\"_blank\" rel=\"noopener\">\u00e9tudes de synth\u00e8se<\/a> (SYN), qui viennent alors en remplacement de la mission VISA<\/li>\n<li>OPC\u00a0: la <a href=\"https:\/\/fr.wikipedia.org\/wiki\/Ordonnancement,_pilotage_et_coordination\" target=\"_blank\" rel=\"noopener\">mission d&rsquo;ordonnancement, de coordination et de pilotage du chantier<\/a><\/li>\n<\/ul>\n<p>C\u2019est dans ce cadre qu\u2019intervient le ma\u00eetre d\u2019\u0153uvre d\u2019ex\u00e9cution, il permet, en phase conception, de coordonner tous ces experts et, anticipe, pour la phase ex\u00e9cution, les points d\u00e9licats qui n\u00e9cessitent des r\u00e9flexions ou prises de d\u00e9cision en amont, dans le but d\u2019\u00e9viter des surco\u00fbts en p\u00e9riode de production. Il est pr\u00e9sent depuis l\u2019esquisse du projet et jusqu\u2019\u00e0 la remise des cl\u00e9s et est garant du bon d\u00e9roulement de toute la construction de l\u2019op\u00e9ration.<\/p>\n","protected":false},"excerpt":{"rendered":"<p>Les missions de base, encha\u00een\u00e9es chronologiquement dans l&rsquo;ordre de d\u00e9roulement de la mission de ma\u00eetrise d&rsquo;\u0153uvre, sont\u00a0: ESQ\u00a0: les \u00e9tudes d&rsquo;esquisse ; pour le cas particulier d&rsquo;une mission portant sur &#8230;<\/p>\n","protected":false},"author":1,"featured_media":66,"parent":0,"menu_order":0,"comment_status":"closed","ping_status":"closed","template":"","meta":[],"_links":{"self":[{"href":"https:\/\/www.comete31.fr\/index.php\/wp-json\/wp\/v2\/pages\/12"}],"collection":[{"href":"https:\/\/www.comete31.fr\/index.php\/wp-json\/wp\/v2\/pages"}],"about":[{"href":"https:\/\/www.comete31.fr\/index.php\/wp-json\/wp\/v2\/types\/page"}],"author":[{"embeddable":true,"href":"https:\/\/www.comete31.fr\/index.php\/wp-json\/wp\/v2\/users\/1"}],"replies":[{"embeddable":true,"href":"https:\/\/www.comete31.fr\/index.php\/wp-json\/wp\/v2\/comments?post=12"}],"version-history":[{"count":3,"href":"https:\/\/www.comete31.fr\/index.php\/wp-json\/wp\/v2\/pages\/12\/revisions"}],"predecessor-version":[{"id":43,"href":"https:\/\/www.comete31.fr\/index.php\/wp-json\/wp\/v2\/pages\/12\/revisions\/43"}],"wp:featuredmedia":[{"embeddable":true,"href":"https:\/\/www.comete31.fr\/index.php\/wp-json\/wp\/v2\/media\/66"}],"wp:attachment":[{"href":"https:\/\/www.comete31.fr\/index.php\/wp-json\/wp\/v2\/media?parent=12"}],"curies":[{"name":"wp","href":"https:\/\/api.w.org\/{rel}","templated":true}]}}